 + 18 - ((-582 - -609) + (1 - -76)).
-89
Evaluate (2 - -55) + (-203 - -203).
57
(6 - (13 - (14 - (14 - (10 - 6))))) + -87
-90
Calculate -25 - 77 - (-13 + 5 + (11 - 12)).
-93
What is (2 - -74) + 1 + -42 + 33?
68
What is the value of -502 + 458 - (-4 - -1)?
-41
Calculate 161 - (132 - (31 + -3)).
57
Calculate -3 + 6 - 65 - (1 - (6 - -11 - 14)).
-60
Calculate -3702 + 3658 + (1 - -33).
-10
What is -58 + 21 + (5 - 24 - -10 - -9)?
-37
What is -93 + 7 - (-68 + -19 + 83)?
-82
64 - (-42 + 89) - (2 + -2 + (1 - 0))
16
What is (46 - (312 - 304)) + (1 - 2 - -1)?
38
What is (22 - (23 - 12)) + (-2 - -12) + (-50 - 2)?
-31
(19 - (38 - 40)) + 0 + -1 + -125
-105
Calculate 22 + (19 - 3 - 5) + 16.
49
What is 123 + -3 + -1 + (-9 - (-21 - -19))?
112
Calculate 23 - (0 + 32) - -22 - -26.
39
Evaluate (10 - (11 - -15) - -19) + -6 + (46 - 1).
42
181 + -3 + 30 + -133
75
(-20 + 4 + 13 - 12) + 54
39
What is 61 + (191 - 148) - 63?
41
Calculate -9 + 12 + 1 + (0 - 3) + 8.
9
Evaluate -15 + (-3 - -5) - (170 - (-42 + 121)).
-104
Calculate 9 - (0 + 3 + -14 - (20 - 18 - 12)).
10
What is the value of 0 + -13 + -5 + 35?
17
What is (-64 + 93 - -93) + -72?
50
What is 18 + (45 - 31) - -3?
35
What is the value of -96 - -102 - -95 - 74?
27
(21 + 12 - 19) + 12 + -3
23
9 - (5 + (-3 - 0) + 1) - (-4038 + 3997)
47
What is (-149 - -137) + (23 - -47)?
58
(-17 - ((-8 - 12) + 17)) + 9
-5
What is the value of -21 - (63 + -93) - -41?
50
22 + 0 + (-401 - -380)
1
What is -9 - (-28 - -39) - (15 - (2 + -9))?
-42
(-1906 - -1914) + 1 + (-86 - (0 + 0))
-77
What is the value of -24 + -8 + 23 + (2 - -44)?
37
Evaluate -71 + (219 - 70) - 107.
-29
What is the value of (42 - 97) + 9 - -95?
49
What is 97 + -88 + -3 + -8 - -12?
10
Calculate (6 - -96) + (38 - 2) + -2 + (0 - 2).
134
-39 + -8 + (16 + -11 - (-2 - -10 - 4))
-46
Calculate -1 + -20 + (-22 + 53 - (45 - -7)).
-42
Evaluate -5 + 102 - -2 - (-44 - -75).
68
What is the value of (-11 - -7 - (10 - 9)) + -5 + 92 - -9?
91
Calculate -1 + 8 + 9 + (-22 - 1).
-7
Evaluate 1 + -70 - (-20 + 31 - (-9 + 8)).
-81
What is the value of 3 - (-40 + (47 - 21))?
17
What is the value of -18 + 3 + 4 + (8 - 19 - -75)?
53
Evaluate (38 - 8) + -145 + 51.
-64
27 + (-29 - 51) + -9
-62
Calculate -3 - (34 - (-31 + (-5 - 21))).
-94
(-7 - 2) + -20 - ((2 - -15) + -7)
-39
What is the value of (-29 - (81 + -22)) + 38 - 33?
-83
Evaluate -38 + -6 + -14 + 41.
-17
(580 - 584) + (-98 - 1) + (4 - 1 - -1)
-99
-111 - -14 - (-3 + 1 + 29 + -28)
-96
Evaluate 0 + (19 - (33 + -31 - -18)).
-1
Calculate 50 + (-9 + -25 - 0) + -3.
13
Calculate 121 - (-11 - (-11 + 12) - (14 + -26)).
121
What is -31 - ((164 - 97) + -115)?
17
Calculate (-73 - (-141 + 73)) + 10.
5
Evaluate -7 + -49 - (-63 + 42 + 46).
-81
Evaluate (31 - (-7 - -23)) + ((1 - -4) + 7 - 9).
18
What is the value of (-1285 - -1304) + (2 - 1) + 3 + -4 + 1?
20
What is (64 - 194) + 80 + -35?
-85
Evaluate 37 + -4 + -2 + -30 + -1 + -1 + -37.
-38
Evaluate -311 + 240 + (-9 - -6 - -18).
-56
Calculate -1 + -9 - (3 + (5 + (-1 - 5) - -38)).
-50
What is (-20 - -2 - -2) + (767 - 789)?
-38
4 - (1 + -12) - (24 + (-18 - 11))
20
What is the value of 34 - ((-2 - -126) + -33)?
-57
Evaluate -62 + (39 - 40) + 60.
-3
Calculate (-499 - -526) + (-21 - -4) - (3 + -1 + -25).
33
What is the value of 9 - -1 - (310 + -280)?
-20
Calculate (1 + -3 - (-1 - (-3 + 2))) + 32505 + -32571.
-68
Calculate (-12 - -13) + (41 - (-13 - 2)).
57
Evaluate -52 - -1 - ((15 + 4 - 32) + -4 + 7).
-41
What is 131 - (9 - 10) - (0 - (-31 - -10))?
111
What is 13 + 32 - 17 - 26 - (-2 + -3 - 3)?
10
Evaluate (7 - 5 - 18 - -13) + -45.
-48
Evaluate -35 - (69 - (10 + 55)).
-39
What is -8 + 97 + (-34 - (-8 + -6))?
69
What is -1 + -7 - (-176 - -241)?
-73
Evaluate 31 + -62 - (-32 + 21).
-20
What is the value of -12 - (402 - 437 - (-17 + -1))?
5
Evaluate -14 - (-28 + (-30 - -30)) - (-5 + 46).
-27
What is 17 + (-24 + -116 - -18)?
-105
-12 - (9 + (-25 - -24))
-20
Evaluate (-1 + 6 - 97 - 0) + 263 + -268.
-97
63 - 4 - (93 - 72)
38
Calculate -107 + 96 + -79 + 11.
-79
(13 - (18 - 9 - 7)) + 114 + -220
-95
Calculate 9 + -67 + 111 + (-1 - 3) + -2 + -2.
45
What is the value of 18 - 0 - (8 + -5 + 16 + 44 + -72)?
27
Evaluate 17 + (18 - -3) + -113 - 14.
-89
What is the value of -40 + 4 + 21 + -11 + -2?
-28
-1 - -14 - (-22 + 6 - (-8 + -8))
13
Calculate -6 + 39 + (3 + -2 + 4 - (170 + -162)).
30
Evaluate -293 + 212 + 63 + (-1 + 3 - -1).
-15
Evaluate -2 + 39 + (22 - (-2 + 2 + 5 - -9)).
45
Calculate 2 + -1 + -7 + -53 + 29 + 37.
7
Evaluate (-28 - 7) + -5 + 52 + 28.
40
What is the value of 41 - ((21 + (12 - (15 - 3)) - 10) + -12)?
42
What is the value of (-13 - -23) + -7 - (-57 + 25)?
35
What is -71 + 26 + 27 + -21 + 2?
-37
(4 - -29) + (-244 - -211)
0
(-7 + -12 + 41 - 33) + (2 - 1) + -33
-43
Calculate -7 + -1 - (-9 + 1 - (-58 + -18 + 17)).
-59
4921 - 4978 - (64 - 1)
-120
What is the value of -251 + 248 + -120 + 65?
-58
-1 + -35 + -338 + 401 + -34
-7
What is 0 - -1 - -2 - (40040 - 40006)?
-31
What is (108 - 90) + (-2 - 6) - (-11 - 0)?
21
Calculate 2 + -46 - (613 + -636).
-21
-7 + 15 + (5 - 10 - ((-4 - -9) + -1))
-1
Calculate -5 + (-101 + 59 - 6).
-53
-60 + -7 + (3 - (-1 + 0)) + -81 + 69
-75
What is the value of (-7 - 14) + (51 - 71)?
-41
Evaluate (-16 - 85) + 14 + 6 + -6 + -21.
-108
(-1056 - -1059 - (2 - (1 - 11))) + 2
-7
Calculate -13 + (-17 + 23 + 5 - (10 + -1) - -2).
-9
Calculate 13 - (50 + 26 + -46).
-17
-61 + 33 + (0 + (-3 - -3) - -4)
-24
Calculate -29 + 1 + 0 - (213 + 30 + -258).
-13
Evaluate (-13 + -67 - -94) + 0 + -50.
-36
What is 23 - 0 - (-294 + 53 - -234)?
30
What is the value of (-6 + -5 + 34 - -62) + -1 + -6?
78
What is 3 + -3 + -15 + (62 - 21) + -1 + 5?
30
Evaluate (11 + -5 + -13 - -5 - (35 - -29)) + 8.
-58
Calculate 65 + (33 - 111) + 29.
16
Evaluate -10 + 11 + (388 - 431).
-42
What is the value of (-8 + -47 - -8 - -7) + (2 - -14) + -6?
-30
What is 11 + -9 + 31 + (49 - 57)?
25
Calculate ((21 - 26) + 16 - 12) + (36 - (-2 - -3)).
34
Evaluate (-3 - -1) + -16 + (-45 - (-80 + 51)).
-34
-132 - (49 + -115 + -35)
-31
Calculate -9 + (67 + -39 - 76).
-57
-6 + 60 + (-689 - -599)
-36
What is the value of 43 - (-35 + 51) - 32?
-5
(-12 - -9) + 75 + -6 + -14 + 5
57
0 + -24 + -1289 + 1323 - (2 + 12)
-4
Calculate (3 - (13 - -2)) + (15 - (2 - -3 - -5)).
-7
What is the value of (-5 - -15 - -2) + -6 + (0 - 8) + -66?
-68
-8 + -2 + (-17 - -9) + (8 - -90)
80
Evaluate -1 + 15 - (5248 - 5211).
-23
-67 - (-32 + -18 + 43 - 2)
-58
What is the value of -86 + 9 + -2 + (62 - 50)?
-67
Evaluate 46 - (256 + (-216 - -110)).
-104
Evaluate -35 - -41 - (-1 - 8 - (-2 + 0)).
13
What is -2 + -14 + (-3 - -7) + 32 + -10 + -90?
-80
Evaluate 44 - (57 + 4 + 0) - 97.
-114
What is the value of -6 - ((-44 - 6 - -38) + (-1 - -19) + -8)?
-4
Evaluate 2 - (-1 + 0) - (-190 + (164 - -56)).
-27
What is the value of 0 + 20 - (-1 - 36 - -183)?
-126
Calculate (93 - (58 + 28)) + (-12 - (-1 + 1)).
-5
Evaluate -19 - ((-12 + 24 - 58) + 90).
-63
What is the value of 1 - (-1 + 22 + -35 + -14)?
29
15931 + -15780 - (1 + 63)
87
Evaluate (37 - -58) + -111 + (-18 - 3).
-37
-7 + 34 - (4 - (-11 + 13 + -8))
17
Evaluate -29 + -1 + 5 + 19 + -1 + (32 - -2).
27
Evaluate 3 - -15 - (-4041 + 4160).
-101
Evaluate (-6 - -10 - 23) + -146 + 119.
-46
Calculate 37 + -48 + 41 + -22 - 79.
-71
Calculate (-20 - (29 - 127)) + -43.
35
What is the value of 0 + -6 + 48162 + -48004?
152
Calculate (-532 - -561) + 0 + -3 + (0 - -21) + -6.
41
What is the value of -1 - -10 - (66 + -22)?
-35
What is -70 + 84 - (-35 + 23 + 46)?
-20
Calculate 10 + 11 + -40 + (3 - (-7 + 5)).
-14
What is 58 - (1 + 11 - (20 + -26 + 9)) - -11?
60
Calculate -159 + 107 + (1 - -10) + 0.
-41
Calculate 15 + 1 - (-86 - (46 - 99)).
49
What is (17 - (19 + -6 - 12)) + -81 + -3?
-68
Evaluate -11 + 0 - ((9 + 7 - -2) + (89 - 68)).
-50
What is the value of -15 + (-7 + -18 - -18) - -27?
5
What is the value of -22 - (-179 + 175 + (2 + -11 - -1))?
-10
Evaluate (-1 - -28) + (-201 - -223).
49
What is (3 - (-6 - 4) - (15 + -16 + 4)) + -35?
-25
Evaluate 25 - (16 + (-15 + -8 - -4) + 17).
11
Evaluate 31 - (-24 - -60) - (-2 + -6).
3
Calculate 155 + -62 + -109 - -70.
54
(4779 - 4755) + (-9 - -6) + (0 - -16)
37
(28 - -16) + (2 - 24) - -22
44
19 + 55 + -61 + -2
11
What is 0 + 7 + 0 - (-9 + 8 + (-32 - -85))?
-45
What is the value of 425 + -354 + 51 + -21?
101
Evaluate 